q + 156. Let j be (-90)/(-585) - 2/q*1714. Calculate the greatest common factor of p and j.
12
Let p be ((-2)/(-4))/((-5)/160). Let l = p + 39. Suppose 0 = 9*g - 30*g + 3381. What is the highest common factor of l and g?
23
Let b be (-18)/3 + 137 - 7. Suppose 0 = c + 5*o - b, -5*c - 9*o = -4*o - 520. Calculate the greatest common factor of 22 and c.
11
Let f be 1/4 - 958/(-8). Let j be ((4*1)/(1/(-161)))/(-1). Suppose j = 38*k - 116. What is the highest common factor of f and k?
20
Let x be ((-14)/4)/(11/(-242)). Suppose 201 + 9 = 15*h. Calculate the highest common divisor of h and x.
7
Let z be (28/(-35))/(3/(330/(-4))). Suppose -9*t - 166 + 598 = 0. Let m = -26 + t. What is the highest common factor of m and z?
22
Suppose 72 - 75 = r. Let k(i) = -29*i**3 - 7*i**2 + 2*i + 8. Let h be k(r). What is the greatest common factor of 38 and h?
38
Suppose -2*t + 3*t + 5*z = 1490, 5*z = 5*t - 7600. Calculate the greatest common divisor of 3 and t.
3
Suppose -5*k + 137 = -12*a, 197*a = -4*k + 194*a + 34. Suppose -2 - 4 = -2*l. Calculate the greatest common divisor of k and l.
1
Suppose -18*x + 139 = 2*a - 19*x, 0 = 4*x + 12. What is the greatest common factor of 120 and a?
4
Let b = 30 + -27. Suppose b*k + k - 180 = 0. What is the highest common divisor of 27 and k?
9
Let t be (-166 + 176)*(-4)/(-5). Calculate the highest common divisor of t and 2696.
8
Suppose -3435 = 9*y - 816. Let c = 284 - y. Calculate the highest common factor of 25 and c.
25
Let a(o) = -50*o + 1674. Let c be a(29). What is the highest common divisor of c and 532?
28
Suppose 11*o = o - o. Suppose o = 8*y - 90 + 18. Calculate the highest common divisor of 1 and y.
1
Let v(d) = 2*d**3 + 19*d**2 - 246*d + 87. Let c be v(14). What is the greatest common factor of 5 and c?
5
Let m be 16*(-1 + 6 - 4). Let t be 0 - (3 + -4) - (-1 - 3). Suppose -y = 5*p - m, 3*y = t*y - 4*p - 46. Calculate the highest common divisor of y and 273.
21
Suppose 99*f = 2640 + 2409. Calculate the greatest common factor of 799 and f.
17
Let b(l) = -44*l + 3. Let x be b(5). Let s = x - -233. What is the highest common divisor of 8 and s?
8
Let d be (43 - 1) + 0/2. Suppose -5*h = k - 1159, -2*h = 5*k + 562 - 1044. What is the greatest common factor of h and d?
21
Suppose -160 = -11*j + 167 + 608. What is the highest common divisor of j and 1921?
17
Let w be 1 - -1 - (-2 + (3 - -1)). Suppose m - 17 = -3*i, w*i - 44 = -4*m - 4*i. Let u be m - 5 - (0 + 0). What is the highest common factor of 2 and u?
1
Let h = 8584 + -8179. What is the greatest common divisor of h and 1350?
135
Let u(b) = b - 38. Let w be u(13). Let t be (-8)/8 + 4 - w. Calculate the highest common divisor of 140 and t.
28
Suppose 14 - 2 = 4*m. Suppose 4*b - 202 = 5*u - m*u, -4*b - u = -187. Let f = b - 31. What is the greatest common divisor of 85 and f?
17
Suppose 0 = 15*u + 73 - 448. Suppose -10*d + 170 = -5*d. Let m be d*((-6)/(-20))/(5/u). What is the greatest common factor of 17 and m?
17
Suppose 5*i + 25 = 0, 4*q - 1208 + 588 = -4*i. What is the greatest common divisor of 1080 and q?
40
Let j(r) = -r**3 + 37*r**2 - 70*r + 40. Let m be j(35). Let h = 16 - -24. What is the highest common factor of m and h?
40
Let x be 646 + (-1 + (-14)/(-18))/(160/1440). What is the greatest common factor of x and 138?
46
Let s be (-1274490)/(-1078) + (-16)/(-22). Calculate the greatest common factor of s and 8450.
169
Suppose -2*s + 759 = -1053 + 426. What is the greatest common divisor of 1449 and s?
63
Let d(u) = 47*u + 3. Let v be d(3). Let y = -226 + 228. Suppose -h + 12 = y*f - 0, -3*f = h - 10. Calculate the highest common factor of h and v.
16
Let k be -2 - (-1*1 - (-47 - 0)). Let m = k - -52. Let w be 4/(-16) + 9/m. What is the greatest common divisor of w and 4?
2
Suppose -16 = -j - 3*p, j = 2*p + 6 - 0. Let d(z) = z**2 - 13*z + 42. Let g be d(j). What is the greatest common factor of 92 and g?
4
Suppose -7*p + 25 = -12*p, -3*p + 930 = 5*x. Calculate the highest common factor of 594 and x.
27
Let n(s) be the second derivative of s**4/6 - s**3/2 - 25*s**2 - 135*s. Let t be n(18). What is the greatest common factor of 32 and t?
32
Let b(g) = -g**2 - 5*g + 8. Let k be b(-6). Let c be 76 - 6*k/12. What is the greatest common divisor of c and 30?
15
Let f be -3 + (2/(-5) - 1107801/(-415)). Calculate the highest common factor of f and 430.
86
Suppose -60 = -y + 2*k, -y - 4*k + 64 = -10*k. What is the highest common factor of y and 5510?
58
Suppose -11*h - 513 + 810 = 0. Let f be (0 + 0)*(1 - 0). Suppose 3*j - 103 - 788 = f. What is the highest common factor of h and j?
27
Let x = 186 + -183. Suppose 9*j - 390 = 4*j - 5*c, -x*c = -2*j + 141. What is the greatest common factor of 45 and j?
15
Suppose 97*w + 74392 = 33*w + 869784. Calculate the greatest common factor of w and 104.
52
Suppose -195*o + 33786 + 28224 = 0. What is the greatest common divisor of o and 6?
6
Let d(r) = -24*r - 362. Let v be d(0). Let a = -332 - v. What is the greatest common factor of 10 and a?
10
Let y be -1*(-87 - ((-28)/4)/(-7)). Let c = -70 + 78. Calculate the greatest common divisor of y and c.
8
Suppose -y = 3*j - 13, -j = 3*j - 4*y + 4. Let w = -779 - -261. Let t = -497 - w. Calculate the greatest common divisor of t and j.
3
Let m = -16542 - -16578. What is the highest common factor of m and 524?
4
Suppose 2*j + 9 - 83 = 0. Let k = 977 + -903. Calculate the highest common divisor of k and j.
37
Let r = 10016 - 7664. Calculate the highest common factor of r and 735.
147
Suppose 15*z - 97 - 119 = 6*z. Calculate the greatest common factor of 96 and z.
24
Let x(j) = -j**3 + 26*j**2 - 110*j. Let f be x(20). What is the greatest common factor of 29700 and f?
100
Suppose -2*g - 18 = -3*n, -386*n = -390*n + g + 14. Let m be 12/8 + (-1)/(-2). What is the highest common factor of m and n?
2
Suppose 0 = 4*v - 7*v + 21. Suppose 3*a + 12 = 0, -4*i - 272 = -a - a. Let p be (-42)/((i/15)/7). Calculate the highest common divisor of p and v.
7
Suppose -5*h - 6 = -3*h. Let f = 1137 - 797. Let m be h + (f/1)/4. What is the greatest common divisor of m and 205?
41
Let k(d) = -5*d + 18. Let j be k(8). Let t be (-1 - -1) + (-66)/j. Suppose -c + 7 = -t. What is the highest common divisor of c and 80?
10
Let q be (1 - 6/4)*(13 + -159). Let x = q + -71. Let j be 2/(-1) + (x - -1). What is the highest common divisor of j and 1?
1
Suppose 4*r + 5*m = 119, 0 = r + 3*m - 24 + 3. Let y be 0 - (0 - 6) - 270/(-15). Calculate the greatest common factor of r and y.
12
Let i = -89 - -134. Suppose 24*p - 20*p = 8. Suppose 4*u - 4*y - 552 = 0, 3*u + p*y - 534 = -u. Calculate the highest common divisor of i and u.
45
Suppose -3 = -4*r + 1, -k = -4*r + 10. Let y = k + 8. Let c be (-3 + y - -5)*46/4. What is the highest common divisor of 115 and c?
23
Let p be -3 + 465/135 + (-113)/(-9) + -2. What is the highest common divisor of p and 4334?
11
Let q be (4 - (-69)/(-9))/((-2)/(-96)). Let u = q + 178. What is the greatest common divisor of u and 38?
2
Suppose 2*r = a + 104 - 6, 0 = 3*r. Let m = 322 + a. What is the highest common factor of 14 and m?
14
Suppose 4*h - 33 + 9 = -2*v, -2*h = 5*v - 108. What is the greatest common factor of v and 2454?
6
Suppose 206*g + 132 = 212*g. Let z = 59 - 4. What is the greatest common factor of g and z?
11
Let r = 1390 - 1246. What is the highest common divisor of 81 and r?
9
Suppose -128 + 62 = -22*x. Suppose -3*z = -x*v - 150, -2*z = -v + 55 - 159. What is the highest common factor of 108 and z?
54
Let d be -10 + (-2)/(14/(-1099)) - (8 - 1). What is the highest common factor of 182 and d?
14
Let l be (1 + -7)*(-4 + 66/18). Suppose -l*y - 11 = q - 6, 0 = -q + y + 7. Suppose q*t - 8*t + 320 = 0. Calculate the greatest common divisor of 16 and t.
16
Let t(q) = -6*q + 46. Let m be t(7). Suppose 4*g + 416 - 1760 = -m*l, -5*l = -3*g + 1048. What is the highest common divisor of 11 and g?
11
Let r(s) = 35*s - 1. Let u be r(3). Suppose 0 = 19*l - 16*l + 264. Let j = u + l. What is the highest common factor of 64 and j?
16
Let p(f) = 219*f - 1903. Let k be p(9). Calculate the greatest common divisor of 527 and k.
17
Let j be (2/(-8) + 2)/(49/58016). Calculate the highest common factor of j and 224.
56
Let k(u) = 6 - 135*u + 2*u**3 + 27*u**2 + 47*u - 2*u**3 + 0*u**3 - u**3. Let c be